+ 14*f**2 + 12*f - 18. Give i(-13).
-5
Let o(q) = q**3 + 11*q**2 + 19*q + 38. What is o(-10)?
-52
Let j(s) = s - 2. Calculate j(2).
0
Let h(s) = 3*s + 39. What is h(-11)?
6
Let r(l) = 2*l**3 + 2*l**2 - 1. What is r(-1)?
-1
Let b(p) = p**3 + 5*p**2 + 2*p + 8. Determine b(-3).
20
Let c(f) = -f**2 - 18*f - 30. Calculate c(-16).
2
Let j(w) = -36*w**2. Give j(1).
-36
Let d(v) = v**2 - 8*v - 23. Give d(-7).
82
Let f(m) = 23*m**2 + 2*m. Calculate f(-2).
88
Let d(k) = -k**2 + 2*k - 4. Calculate d(0).
-4
Let c(n) = 4*n + 12. Calculate c(-1).
8
Let f(o) = o**2 + 3*o - 31. Give f(-7).
-3
Let s(f) = -5*f**2 + 6*f - 3. What is s(2)?
-11
Let r(n) = -n**2 + 7*n - 2. Give r(6).
4
Let o(a) = 2*a**3 + 12*a**2 - 4*a - 11. Determine o(-6).
13
Let g(i) = 2*i - 6. Give g(-4).
-14
Let d(j) = -j**3 - 26*j**2 + 27*j. Determine d(-27).
0
Let y(u) = 9*u**2 + 9*u. Determine y(-4).
108
Let w(v) = v**2 + v + 117. Give w(0).
117
Let f(k) = -k + 42. Determine f(0).
42
Let n(c) = -3*c**2 - 15*c - 24. Determine n(-5).
-24
Let q(a) = a**2 - 11*a - 2. Give q(0).
-2
Let t(n) = -3*n**2 - 10*n + 3. Calculate t(-4).
-5
Let v(k) = -k**3 + k**2 - k - 3. Determine v(0).
-3
Let g(n) = 17*n**2 + 202*n - 19. Determine g(-12).
5
Let t(c) = -c**2 - 17*c - 42. What is t(-14)?
0
Let k(m) = -2*m**2 - 60*m + 57. Determine k(-31).
-5
Let l(i) = -5*i + 13. What is l(9)?
-32
Let f(l) = -l**3 + 8*l**2 - 16*l + 76. Determine f(7).
13
Let f(i) = -i**2 - 2*i + 45. What is f(-7)?
10
Let b(h) = h**3 + 17*h**2 + 3*h + 35. What is b(-17)?
-16
Let u(a) = a**2 + a + 13. Determine u(0).
13
Let w(q) = -q**2 - 4*q - 4. Calculate w(5).
-49
Let a(s) = 22*s - 106. Calculate a(5).
4
Let m(f) = -5*f + 4. What is m(4)?
-16
Let a(h) = -34*h**2 - h + 1. Calculate a(1).
-34
Let a(h) = -h**3 - 2*h**2 - 2*h - 2. Calculate a(-1).
-1
Let o(t) = -t**3 - 8*t**2 + 5*t - 7. What is o(-9)?
29
Let b(o) = 3*o + 83. Calculate b(-28).
-1
Let m(v) = -4*v + 9. Give m(8).
-23
Let y(u) = 23*u + 33. What is y(-2)?
-13
Let o(i) = 7*i - 48. Determine o(7).
1
Let f(z) = 3*z**2 - 131*z + 92. Determine f(43).
6
Let h(r) = -r**2 - 15*r + 28. What is h(-16)?
12
Let x(d) = -10*d + 225. Calculate x(22).
5
Let c(b) = 55*b + 261. What is c(-5)?
-14
Let z(f) = 2*f**3 + 12*f**2 + f + 1. Give z(-6).
-5
Let q(h) = -h**3 - 9*h**2 + 4*h - 8. What is q(-10)?
52
Let p(r) = r**3 + 16*r**2 - 16*r + 8. Determine p(-17).
-9
Let s(x) = 2*x**3 - 7*x**2 + 2*x + 3. Calculate s(3).
0
Let a(n) = -12*n - 161. What is a(-13)?
-5
Let c(z) = -2*z**2 + 11*z + 6. What is c(8)?
-34
Let z(n) = n**3 + 12*n**2 - 12*n - 5. What is z(-13)?
-18
Let i(w) = -w**2 - 2*w - 7. Determine i(-5).
-22
Let h(i) = -i**2 + 4*i - 3. Calculate h(2).
1
Let a(s) = 3*s - 32. Determine a(0).
-32
Let q(a) = a**2 + 4*a + 4. Calculate q(-4).
4
Let w(x) = x**2 + 5*x - 58. Determine w(6).
8
Let r(l) = l**3 + l**2 + l + 23. Give r(0).
23
Let f(s) = 4*s**2 + 15*s - 12. Calculate f(-4).
-8
Let s(l) = -l**3 + 7*l**2 - 8*l + 3. Calculate s(6).
-9
Let z(u) = 2*u**3 - 5*u**2 + 3*u - 3. Determine z(2).
-1
Let g(d) = -d**2 + 18*d - 41. Determine g(16).
-9
Let x(d) = -5*d**2 - 2*d - 2. Calculate x(-2).
-18
Let q(d) = d**3 + 5*d**2 - 2. Give q(-2).
10
Let p(x) = x**3 + 9*x**2 + 18*x + 12. Calculate p(-7).
-16
Let j(q) = 2*q + 23. Give j(-18).
-13
Let q(f) = 2*f + 4. Give q(-4).
-4
Let w(d) = -d**3 - 5*d**2 + 15*d - 3. Determine w(-7).
-10
Let z(a) = a**3 + 25*a**2 - 53*a + 18. Determine z(-27).
-9
Let z(i) = -i**3 - 7*i**2 - 10*i - 9. Determine z(-6).
15
Let a(j) = -j**2 + 9*j - 16. Give a(7).
-2
Let c(v) = v**3 + 2*v**2 - 61*v + 14. Calculate c(-9).
-4
Let r(w) = -21*w + 54. What is r(3)?
-9
Let c(z) = -z**3 + 47*z**2 + 319*z - 33. What is c(53)?
20
Let d(v) = v**3 - 16*v**2 - v - 19. Calculate d(16).
-35
Let o(q) = -q**2 + 15*q + 244. Determine o(-10).
-6
Let v(a) = -a + 6. What is v(-6)?
12
Let d(w) = w**2 + 53*w - 292. Calculate d(-58).
-2
Let f(c) = -2*c**2 - 7*c - 8. Calculate f(-8).
-80
Let r(k) = -77*k + 2004. Calculate r(26).
2
Let m(a) = a**3 + a**2 - a - 13. Give m(0).
-13
Let x(g) = 3*g**2 - 16*g - 4. Determine x(6).
8
Let g(m) = -m**3 + 8*m**2 + 10*m + 19. Calculate g(9).
28
Let u(z) = -125*z - 6. Calculate u(0).
-6
Let n(w) = w**3 + 4*w**2 - 6*w - 1. Calculate n(-6).
-37
Let t(y) = 3*y**2 + 6*y - 8. What is t(-5)?
37
Let i(r) = 4*r**2 - 2*r + 3. What is i(-7)?
213
Let y(z) = -z**2 + 8*z + 5. What is y(8)?
5
Let h(s) = -38*s**3 + s. Determine h(-1).
37
Let g(a) = -2*a**2 + 94*a - 88. Calculate g(46).
4
Let i(d) = d + 13. Determine i(-3).
10
Let v(b) = 16*b - 22. What is v(1)?
-6
Let y(g) = g**2 - 64*g - 1781. Calculate y(85).
4
Let q(l) = l**3 + 15*l**2 - 28*l + 13. Give q(-17).
-89
Let u(m) = m**2 - 42*m - 105. Calculate u(44).
-17
Let g(f) = f**3 + 13*f**2 + 3*f + 25. Calculate g(-13).
-14
Let d(x) = 9*x**2 - 19*x + 19. What is d(1)?
9
Let y(l) = -l**2 - 2. Calculate y(-4).
-18
Let d(c) = -6*c - 5. Determine d(-4).
19
Let f(s) = s**2 + 17*s - 8. What is f(-14)?
-50
Let y(h) = 2*h + 23. What is y(-22)?
-21
Let u(w) = -2*w + 17. Calculate u(7).
3
Let m(p) = -3*p**3 + p**2 - p + 2. What is m(-2)?
32
Let c(x) = 2*x - 4. What is c(-4)?
-12
Let v(j) = -j**3 - 6*j**2 - 3*j + 5. What is v(-6)?
23
Let d(r) = -14*r**2 - 9*r - 8. What is d(-1)?
-13
Let b(p) = 2*p**2 + 35*p - 204. Calculate b(5).
21
Let x(a) = -17*a**2 + 49*a + 2. Determine x(3).
-4
Let l(u) = -u**2 - 14*u - 22. Determine l(-11).
11
Let r(b) = -2*b**3 + 4*b**2 - 3*b + 2. Calculate r(2).
-4
Let f(w) = 18*w - 11. What is f(2)?
25
Let g(c) = c - 14. What is g(16)?
2
Let s(g) = -13*g**2 + 13*g + 14. Calculate s(-1).
-12
Let x(v) = -v**2 + v + 3. What is x(3)?
-3
Let w(y) = y - 11. Determine w(11).
0
Let f(n) = -8*n + 11. Determine f(-6).
59
Let l(g) = -g - 17. Give l(-13).
-4
Let n(m) = -11*m - 10. Calculate n(-2).
12
Let j(o) = -2*o**3 - 17*o**2 - 7*o - 14. Calculate j(-8).
-22
Let j(a) = -a**3 - a**2 + 21*a - 47. Determine j(2).
-17
Let a(p) = -p**3 + 11*p**2 - p + 6. Calculate a(11).
-5
Let d(y) = 7*y + 44. What is d(-8)?
-12
Let w(q) = -q**3 + 3*q**2 + 8*q - 3. Determine w(5).
-13
Let w(v) = 3*v**2 + 6*v - 3. What is w(-3)?
6
Let m(t) = t**3 - 37*t**2 + 48*t - 436. Determine m(36).
-4
Let w(z) = 7*z**2 + 79*z + 22. Calculate w(-11).
0
Let o(t) = t**2 + 2*t - 15. Give o(0).
-15
Let l(v) = 2*v + 1. Determine l(-1).
-1
Let p(d) = -52*d - 96. Give p(-2).
8
Let i(o) = -o**3 - 8*o**2 - 14*o + 11. Give i(-7).
60
Let h(j) = -2*j**3 - 14*j**2 - 21*j - 3. What is h(-5)?
2
Let n(y) = 5*y**3 + 2*y**2 + 23*y - 25. Calculate n(1).
5
Let d(y) = -7*y**3 - 2*y**2 + 3*y - 2. What is d(2)?
-60
Let o(s) = -s**3 - s**2 + s + 3. What is o(0)?
3
Let v(p) = -6*p + 1. What is v(2)?
-11
Let a(g) = g**3 - 3*g**2 - 7*g + 19. What is a(5)?
34
Let s(o) = -13*o + 1021. Give s(79).
-6
Let q(v) = 21*v + 47. Give q(-6).
-79
Let z(x) = x**2 + 2*x - 1. Give z(-4).
7
Let g(h) = 2*h - 22. Calculate g(6).
-10
Let t(j) = j**2 - 37*j + 290. Give t(11).
4
Let w(h) = 10*h + 290. Determine w(-31).
-20
Let s(z) = z**2 + 10*z + 13. What is s(-11)?
24
Let d(f) = f**3 + 9*f**2 + 11*f - 21. Give d(-7).
0
Let i(c) = -5*c - 26. What is i(-7)?
9
Let x(h) = h**3 - 6*h**2 + 5*h - 5. Give x(5).
-5
Let m(a) = -15*a - 6. Determine m(8).
-126
Let u(l) = l**3 + 83*l**2 + 6*l + 492. Determine u(-83).
-6
Let h(k) = 13*k - 2. Calculate h(-3).
-41
Let v(o) = o - 5. Calculate v(32).
27
Let y(p) = 17*p - 7. Calculate y(-2).
-41
Let f(c) = -c**2 + c + 18. Determine f(6).
-12
Let t(z) = -4*z**3 - z**2 + z - 1. Give t(1).
-5
Let q(z) = -z + 8. Calculate q(8).
0
Let f(c) = -2*c**2 - 5*c + 98. Calculate f(6).
-4
Let v(z) = 2*z**2 - 5*z - 3. Give v(4).
9
Let d(u) = 4*u - 4. What is d(-1)?
-8
Let r(i) = i**2 - 16*i - 25. What is r(17)?
-8
Let f(x) = -x**3 + 17*x**2 + 61*x - 18. Determine f(20).
2
Let a(s) = -12*s**3 + 2*s - 2. What is a(1)?
-12
Let z(h) = -h**2 - 9*h + 46. What is z(-11)?
24
Let u(v) = -v**3 + 5*v**2 - 3*v - 3. What is u(3)?
6
Let d(f) = -32*f + 238. Calculate d(7).
14
Let h(f) = -f**3 - 5*f**2 - 5*f - 4. Calculate h(-5).
21
Let q(d) = 4*d**2 + 4*d + 6. What is q(-7)?
174
Let w(v) = -v**2 - 17*v - 18. What is w(-15)?
12
Let m(z) = z**3 - 5*z**2 + z - 4. What is m(5)?
1
Let g(u) = -31*u**3 + u**2 - 2. What is g(-1)?
30
Let n(q) = -2*q**3 - 2*q**2 + 2*q + 3. Give n(-2).
7
Let l(r) = -6*r + 6.